- w. Let c be u(1). Let j(t) = 2*t - t**3 + 9*t - 2*t - c + 7*t**2. Let l(d) = 10*d - 222. Let h be l(23). Give j(h).
3
Let u(c) = -15*c - 28. Let f be u(-4). Let n(x) = 3*x - 1 - 13*x + f*x**2 + 26*x**2 - 59*x**2. What is n(-8)?
15
Let t(x) = 18*x + 41. Let d be t(-3). Let m(v) = -v**2 - 19*v - 37. Let j be m(d). Suppose -q = 37 - j. Let f(r) = 2*r + 1. Determine f(q).
9
Let k(s) = s**2 - 6*s + 2. Suppose 4*b = -4*h + 20, -149*b + 10 = -147*b - 5*h. Determine k(b).
-3
Let j(p) be the third derivative of 19*p**4/24 - 17*p**3/2 + 78*p**2. What is j(3)?
6
Let q be (-24)/120*15/(-4)*(-7)/(-126). Let g(h) be the third derivative of 0 + q*h**4 + 0*h**3 + 0*h**5 - 1/120*h**6 + 0*h - 18*h**2. What is g(-1)?
0
Let z(g) = g**2 - 11*g + 5. Let u(v) be the third derivative of -v**5/30 - 7*v**4/4 - 17*v**3/3 + 54*v**2. Let h be u(-20). Calculate z(h).
-25
Let o(a) = a**2 + 7*a + 4. Let h(t) = 2*t**3 + 10*t**2 + 7*t + 3. Let b be h(-4). Let c be ((-9)/5)/(67/(-10) + b). Determine o(c).
-2
Let v(h) = 2365*h + 58 - 4765*h + 2378*h - h**2. Calculate v(-25).
-17
Let a(r) be the first derivative of 4*r**2 + 36*r + 1766. Give a(-3).
12
Let h = 2555 + -2547. Let b(v) be the first derivative of v**3/3 - 9*v**2/2 + 6*v + 1. What is b(h)?
-2
Suppose -112*s - 28 = -115*s - 4*h, 0 = -s + h + 7. Let r(a) = -a**3 + 6*a**2 + 19*a - 20. What is r(s)?
4
Let n(u) = 12 + 4 + u - 15 + 0 + 8. Let i(o) = 6*o - 2. Let j be i(-2). Let q = 7 + j. Calculate n(q).
2
Let w(i) = 7*i + 35. Let u be w(-7). Let m be 4/u - (0 + 138/(-42)). Let d(y) be the first derivative of y**3/3 + y**2/2 - 8. What is d(m)?
12
Suppose -2*u + 17 - 5 = 0. Let y(x) = -10*x - 7. Let h(p) = 3*p + 4. Let j(z) = -3*h(z) - y(z). Determine j(u).
1
Let z(x) be the second derivative of -x**3/6 + 3*x**2/2 + 3*x. Let g(a) = a**2 - 33*a + 44. Let j be g(32). Suppose -j = -9*m + 15. Determine z(m).
0
Suppose 441*k = 469*k - 420. Let c(h) = -h**2 + 16*h - 25. Calculate c(k).
-10
Let o(n) be the third derivative of -n**9/60480 - n**8/2016 + n**7/5040 + n**6/80 + 2*n**5/15 + 18*n**2. Let f(g) be the third derivative of o(g). Give f(-10).
-1
Let t(z) = -2*z**2 + 4*z - 3. Let s be 2 - (12 - 4 - -1). Let d = 8 + s. Let h be 4*(-3)/(-12) + d. Calculate t(h).
-3
Let d(y) = -17*y - 140. Suppose 1067*b - 1064*b - 4*z = -43, 5*b + 3*z = -33. Determine d(b).
13
Let o(a) = -14*a + 15*a - 5*a + 3 + 24*a - 9*a - 6*a. Let g be 4/(0 - -2) + 1. What is o(g)?
18
Let s(p) = p**3 + 7*p**2 - 7*p - 42. Let d be ((-165)/110)/(6/28). Calculate s(d).
7
Let k(b) = b**2 + 3*b + 1. Let z(n) = n. Let p(x) = -k(x) + z(x). Suppose 174*s - 4*u = 176*s + 12, 4*s = u + 12. Give p(s).
-9
Let x(k) = 2*k**3 + 5*k**2 - 3*k. Suppose -2*m + 10 = 2*t, 0 = -6*t + t - 3*m + 19. What is x(t)?
30
Let c be (-16185)/(-1365) - (-12)/(-14). Let b(y) = y**3 - 9*y**2 - 24*y + 24. Calculate b(c).
2
Let c(d) = 13*d**3 - 7*d**2 + 7*d + 3. Let j(l) = 13*l**3 - 8*l**2 + 8*l + 4. Let p(u) = -6*c(u) + 5*j(u). Give p(1).
-11
Let s be 17/4 - 1/4. Suppose -3*o = -5*g + 45, 2*g + 110*o = 111*o + 18. Let h(i) = 3*i - s*i + g - i + i. Give h(8).
1
Let y(s) = 2*s**2 - 625 + s**3 + 1219 - 7*s**2 - 622 - 5*s - 7*s**2. What is y(12)?
-88
Let a(j) = j**2 + 4*j + 5. Suppose 0 = -4*i + 7*i + 27. Let l be 8/(-16)*6 - (-2 + 2)/(-2). Let n be ((-25)/20)/((i/12)/l). Give a(n).
10
Let r(c) be the first derivative of 1/4*c**4 + 0*c**2 - 5/3*c**3 + 3*c - 283. What is r(4)?
-13
Let k(w) be the first derivative of 18*w**3 + 2. Let l(r) = 23*r**2 + 73*r - 887. Let b be l(-8). What is k(b)?
54
Let c(s) be the first derivative of -s**4/4 - 10*s**3/3 - 11*s**2/2 - 20*s + 3. Let t be 303/(-33) + (-160)/(-880). Determine c(t).
-2
Let o(x) = -x**2 + 3*x + 7. Let d be (20/90 - 272/252) + 34/7. What is o(d)?
3
Let o(z) = -2*z - 32. Let j be o(-20). Let m be (j/6)/((-4)/(-18)). Let i(v) = -m*v - 9 - v**2 + v + 15*v. Calculate i(6).
15
Let t(f) = 4*f**2 - 3*f + 16. Let u(q) = -3*q**2 + 4*q - 15. Let x(d) = -4*t(d) - 5*u(d). Suppose 0 = 4*v - 111 + 43. Let k = 8 - v. Calculate x(k).
2
Let v(b) be the first derivative of -2*b**3/3 + b**2/2 + 3853. What is v(-1)?
-3
Let c = -13 - -17. Let f(y) = -c*y + y + 2*y + 6*y. Let d(n) = -n**3 + 54*n**2 - 52*n - 55. Let q be d(53). Determine f(q).
-10
Let l(m) = -57*m + 7*m**2 + 50 + 13*m + 94*m. Calculate l(-1).
7
Let i = 308 + -304. Suppose i - 40 = -12*k. Let v(a) = a + 2. Calculate v(k).
5
Suppose -6*o + 8*o - 5*r = -18, -o - 5*r = -36. Let d(m) = -11*m + 62. Give d(o).
-4
Let i be 1*23 - (-607 + 626). Let z(w) = -89*w + 362. Give z(i).
6
Let r(a) = -a**2 + 17*a + 32. Let g(v) = -v**2 + 93*v + 937. Let n be g(-9). Calculate r(n).
-6
Let c(h) be the first derivative of -1/3*h**3 - h - 2 - 9/2*h**2. Give c(-8).
7
Let g(m) = -3*m - 2 + 0 - 4 + 1. Let p(w) = -w - 3 + 5*w + 2 + 39. Let f be p(-11). What is g(f)?
13
Let b = 2 - 0. Let y(p) = -p**b - 13 + 0 - 7 + 3 - p. Let q = 179 - 179. Calculate y(q).
-17
Let c(t) = 17*t**2 + 2*t**2 - 252836*t**3 - 8*t - 9*t - 19 + 252835*t**3. Give c(18).
-1
Let m(k) = -2*k + 6. Let r be m(3). Let d(t) = 795 - 390 - t - 392. Give d(r).
13
Let k(f) be the second derivative of f**3 + 11*f**2 + 1090*f. Determine k(-6).
-14
Let v be 2 - (2/11 - (-46)/(-11)). Let g be (-1)/(((-3)/v - 1)/3). Let y(i) = -7 - 7*i + 1 - 6*i**2 + 0*i**g + 0*i**2 - i**3. Give y(-5).
4
Let u be (-456)/133 - -4 - (-120)/14*-1. Let n(b) = -b**3 - 11*b**2 - 23*b + 11. What is n(u)?
3
Suppose -2*u = w + 163, 92*w - 96*w = 5*u + 400. Suppose y - 255 = -2*y. Let x = u + y. Let j(p) = 22*p**2 + p - 1. Determine j(x).
22
Let k(m) = -m**2 - 17*m - 26. Let n be k(-11). Let f be (n/(-14))/(16/(-56)). Let a(c) = c - 1. Calculate a(f).
9
Let q(z) = 0*z - 18 + 22 - 5*z - 2*z + z**2. Suppose 5*o + 965 = 4*v, -3*v + 183 = -4*o - 588. Let c = o - -194. Give q(c).
-6
Let x = -108 + 75. Let a = x - -40. Let h(u) = 30 - 36 - a*u - 2*u + u - u**2. Give h(-6).
6
Let g(f) = 2*f - 2. Let o be g(-4). Let p(s) = -109 + 32 - 6*s + 25 - 4*s - s**2 + 23 + 28. Give p(o).
-1
Let u(y) be the third derivative of -y**6/360 - 7*y**5/120 + y**4/2 - 73*y**3/6 + 4*y**2 + 8. Let b(t) be the first derivative of u(t). Calculate b(-9).
-6
Let d = 373 - 409. Let h be 8/(-6) + (-372)/d. Let x(j) = -j. Give x(h).
-9
Let n(q) = -280*q - 241. Let f(h) = -170*h - 1. Let i(z) = 2*f(z) - n(z). What is i(4)?
-1
Let s(l) = 20*l**2 - 53*l**2 + l + 21*l**2 + 2*l**2 - 69 + 11*l**2. Calculate s(9).
21
Let w(x) = -35*x**2 - 13*x + 15. Let u(t) = -18*t**2 - 6*t + 7. Let y(n) = -13*u(n) + 6*w(n). Let j = 175 + -171. Suppose 8*r = -j*r - 12. Calculate y(r).
23
Let p(i) = -3*i**3 + i + 2*i**3 + 25 - 15 - 11 - 6*i**2. Let w(a) = a**3 + 5*a**2 + 1. Let k(v) = 2*p(v) + 3*w(v). Give k(-2).
1
Let a(m) be the first derivative of 3*m**4/4 - 2*m**3 + 3*m**2 - 9*m + 3649. Give a(2).
3
Let j(f) be the third derivative of 5*f**4/8 - f**3/3 - 386*f**2 - f. What is j(3)?
43
Let j(p) = 46 - p**2 - 8*p + 49 - 86. Let a = 7 + -5. Suppose -3*m + v + 2 - 34 = 0, a*m - 3*v = -33. Calculate j(m).
0
Let t(y) = 13*y**2 + 17*y - 98. Let l(m) = 12*m**2 + 15*m - 90. Let b(i) = 11*l(i) - 10*t(i). What is b(-2)?
8
Let c(h) be the first derivative of 1/3*h**3 - 3*h + h**2 + 172. Determine c(2).
5
Let r(a) be the second derivative of -a**4/24 - 3*a**3/2 - 223*a**2/2 + 96*a. Let k(o) be the first derivative of r(o). Determine k(-11).
2
Let c(z) = 14*z + 35. Suppose 28964*h = 28930*h - 34. Calculate c(h).
21
Let f be -6*(-2)/4 - -66. Let v be (-4)/10 + f/(-15). Let a(g) = -579*g - 20 + 19 + 580*g. Determine a(v).
-6
Let z(c) = -c**3 + 8*c**2 + c - 1. Suppose -3*p = -4*s + 494, p - 4*p = -5*s + 493. Let m = p + 174. What is z(m)?
7
Let z(m) be the third derivative of m**4/6 - 38*m**2. Let q = 51 + -32. Let c = q + -17. Calculate z(c).
8
Let o(s) = 7*s - 18*s**2 + 6 + 3*s**2 + 9 + 13*s**2. Let w(u) = -u**2 + 4*u + 8. Let c(f) = -2*o(f) + 5*w(f). Calculate c(8).
-6
Let v = 37 - 32. Let t be 0/3 - (-1 + v). Let c(n) = -2*n**2 - 6*n + 11. What is c(t)?
3
Let h(z) be the third derivative of -z**6/120 + z**5/20 + 5*z**4/24 + z**3/6 + 2*z**2. Let s be ((-20)/(-18))/((-2)/(-9)). What is h(s)?
-24
Let i(l) be the third derivative of l**6/60 - l**5/60 - l**4/24 + 10*l**3/3 + 1586*l**2. Give i(0).
20
Let x(b) be the second derivative of b**4/3 - 18*b**2 - 3*b - 